2436 and 45293766?
1218
Calculate the highest common factor of 171 and 84235056.
57
Calculate the highest common factor of 107 and 7878.
1
Calculate the greatest common divisor of 195190749 and 54.
27
Calculate the highest common divisor of 10996 and 529996204.
10996
Calculate the greatest common factor of 157546180 and 66.
22
What is the highest common divisor of 7937960 and 80?
40
What is the highest common divisor of 11315 and 27051610?
365
Calculate the highest common divisor of 6118 and 870242674.
6118
Calculate the greatest common factor of 4483259 and 247.
19
What is the highest common divisor of 52089262 and 4?
2
What is the highest common factor of 6048028 and 1368108?
1708
What is the greatest common divisor of 8910 and 185790?
330
Calculate the greatest common factor of 24 and 235067160.
24
Calculate the greatest common divisor of 25692 and 4236.
12
What is the greatest common divisor of 1097101530 and 140?
70
Calculate the greatest common divisor of 12 and 20078844.
12
Calculate the greatest common factor of 5330273 and 2990.
299
What is the highest common divisor of 1519043 and 29859?
269
Calculate the highest common divisor of 2281544 and 288.
8
What is the greatest common divisor of 2768 and 400208?
16
What is the highest common factor of 40800 and 10362180?
1020
Calculate the highest common divisor of 126195530 and 2204.
1102
Calculate the highest common divisor of 2834524 and 420.
28
What is the highest common factor of 3299473 and 37797?
293
What is the highest common divisor of 4362 and 3495?
3
Calculate the highest common divisor of 95180300 and 300.
100
What is the highest common divisor of 366 and 183282?
6
What is the highest common factor of 130675 and 845?
5
What is the highest common factor of 22111686 and 37611?
1791
Calculate the greatest common factor of 4359690 and 2104470.
6030
What is the greatest common factor of 11004 and 50340156?
1572
Calculate the highest common factor of 5604 and 23148.
12
What is the highest common divisor of 34539 and 4260207?
1191
Calculate the highest common divisor of 367 and 105986664.
367
Calculate the greatest common divisor of 76 and 508188.
4
What is the greatest common factor of 35772 and 307098?
66
What is the greatest common divisor of 57117290 and 820?
10
Calculate the highest common factor of 21670 and 1217260.
110
What is the greatest common divisor of 17496 and 157584?
24
What is the highest common divisor of 1013840 and 3320?
40
Calculate the greatest common factor of 8 and 1539391064.
8
Calculate the greatest common factor of 6905 and 4931551.
1381
Calculate the highest common factor of 410 and 1900460372.
82
What is the highest common factor of 2577245 and 865975?
2585
Calculate the highest common divisor of 436511 and 3844.
31
Calculate the greatest common factor of 104 and 5562518.
26
What is the greatest common factor of 10094 and 4221661?
103
Calculate the highest common factor of 404 and 393561044.
404
Calculate the highest common factor of 8802745 and 1043.
7
Calculate the highest common factor of 1735068340 and 1640.
820
Calculate the greatest common divisor of 112 and 793599856.
112
What is the greatest common factor of 378 and 4146583455?
189
What is the highest common divisor of 1817493 and 1168161?
3183
Calculate the highest common factor of 172793 and 3551.
67
What is the highest common divisor of 26404239 and 580?
29
Calculate the greatest common divisor of 15704 and 35931960.
1208
What is the highest common factor of 201608 and 26477?
319
Calculate the greatest common divisor of 4 and 20249666.
2
Calculate the greatest common divisor of 69 and 16689858.
69
What is the highest common factor of 1448433455 and 35?
35
What is the highest common factor of 11209 and 12129157?
1019
What is the highest common factor of 10137 and 4278107973?
10137
What is the highest common divisor of 3729 and 363920568?
3729
Calculate the highest common divisor of 2280 and 22599246.
114
Calculate the greatest common divisor of 639896599 and 109.
109
Calculate the highest common factor of 278117142 and 282.
282
Calculate the highest common divisor of 1022193 and 68493.
867
What is the greatest common factor of 4114 and 9097022?
242
What is the highest common divisor of 783918 and 486?
486
Calculate the highest common divisor of 400 and 17772200.
200
What is the highest common divisor of 54490801 and 10754?
283
What is the highest common factor of 987344480 and 7010?
7010
What is the highest common divisor of 662161 and 2680?
67
What is the highest common factor of 30 and 642700?
10
What is the greatest common divisor of 164915361 and 117?
117
Calculate the highest common divisor of 75 and 17559495.
15
Calculate the greatest common divisor of 14006 and 1977826.
298
Calculate the highest common factor of 51 and 7277632.
17
Calculate the highest common factor of 61361479 and 141425.
5657
What is the highest common factor of 53033304 and 456?
24
What is the highest common divisor of 4301 and 36346?
17
Calculate the greatest common factor of 5384980 and 2850.
190
What is the highest common divisor of 234214368 and 438?
438
What is the greatest common divisor of 24 and 37389704?
8
What is the highest common factor of 42039 and 27334?
173
Calculate the greatest common factor of 4726 and 3303965504.
4726
Calculate the highest common factor of 44059632 and 8664.
456
What is the highest common factor of 52112271 and 7626?
3813
Calculate the greatest common divisor of 3392921 and 5663.
7
What is the greatest common divisor of 5 and 921497?
1
Calculate the greatest common factor of 1234667 and 322705.
233
What is the greatest common divisor of 3932870 and 29?
1
Calculate the highest common divisor of 388179 and 482328.
297
What is the highest common divisor of 28 and 4714374?
14
Calculate the greatest common divisor of 7072 and 36163488.
544
What is the highest common factor of 106652 and 250770?
26
What is the highest common factor of 239 and 41989193?
239
Calculate the greatest common factor of 328942096 and 2528.
1264
Calculate the greatest common divisor of 14353519 and 18801.
2089
What is the highest common factor of 322 and 25345816?
46
Calculate the greatest common factor of 4319262 and 414.
414
Calculate the greatest common factor of 4544745 and 3165.
15
What is the highest common factor of 291911403 and 1428?
357
Calculate the greatest common factor of 5 and 21178865.
5
Calculate the highest common factor of 10402 and 1450988.
14
Calculate the greatest common factor of 2384669 and 14.
7
Calculate the greatest common factor of 291533 and 1683.
187
Calculate the greatest common factor of 608 and 92237552.
304
Calculate the highest common divisor of 145636408 and 8.
8
Calculate the highest common factor of 6230 and 5505184.
178
What is the highest common factor of 9 and 27207747?
9
What is the greatest common divisor of 46 and 10228997?
23
Calculate the highest common factor of 132 and 31948752.
132
What is the greatest common divisor of 340527014 and 212?
106
What is the highest common divisor of 87627 and 312?
3
What is the greatest common factor of 44634982 and 26005?
5201
Calculate the highest common factor of 140338 and 154066.
22
Calculate the highest common divisor of 102486 and 5573118.
3534
Calculate the greatest common divisor of 6920 and 3638536.
1384
What is the highest common divisor of 39488 and 315728?
16
Calculate the greatest common divisor of 3751300 and 39284.
644
Calculate the greatest common factor of 2096 and 12547704.
1048
Calculate the greatest common divisor of 889 and 51026314.
127
Calculate the highest common divisor of 174731 and 16756.
71
Calculate the highest common divisor of 2892 and 2601241212.
2892
Calculate the greatest common factor of 1751 and 248608.
17
Calculate the greatest common factor of 864 and 4406292.
108
What is the greatest common factor of 4425 and 22467200?
1475
What is the highest common divisor of 12 and 207116772?
12
Calculate the greatest common divisor of 1669 and 882508785.
1669
Calculate the greatest common factor of 1536 and 364416.
384
What is the highest common factor of 900 and 57702600?
900
What is the highest common factor of 530 and 40978790?
10
What is the greatest common divisor of 100716 and 22476?
12
What is the gre